, 2*d - d + 3*s - 26 = b. What is the remainder when d is divided by 11?
10
Suppose -30 - 19 = -n. Suppose -145 + n = -2*m. Suppose m = -3*q + 7*q. Calculate the remainder when 22 is divided by q.
10
Suppose -67 = -t + 2*a, -4*t + t - 3*a = -156. What is the remainder when t is divided by (-588)/154 + 4 - (-317)/11?
28
Let c = 11 + 9. Let r = -1 + 5. What is the remainder when (4/6)/(r/462) is divided by c?
17
Let l(w) = 4*w + 111. What is the remainder when l(7) is divided by 24?
19
Let p be 1250/(-35) - (-2)/(-7). Let c = p - -58. Let g(o) = o + 3. What is the remainder when c is divided by g(2)?
2
Suppose 13*y - 1392 = 1260. Calculate the remainder when y is divided by 104.
100
Suppose 8*w + 396 = 1260. What is the remainder when w is divided by 55?
53
Suppose 2*i = -336 + 360. Calculate the remainder when 43 is divided by i.
7
Let h = -13 - -10. Let g(o) = o**3 + 4*o**2 + o - 3. Let i be g(h). Suppose i*v - 24 = -3*x, 4*v = -x - 0 - 1. Calculate the remainder when x is divided by 7.
4
Suppose 708 + 1524 = 18*c. Calculate the remainder when c is divided by 21.
19
Let u(f) = 2*f**2 - 19*f + 1. Let m = 78 + -63. Calculate the remainder when u(m) is divided by 34.
30
Let l be -2 + 2 + 4 + 38/2. Let r = l - 14. Let f = 13 - -4. Calculate the remainder when f is divided by r.
8
Suppose 4*d = 466 - 34. Suppose d = -33*i + 36*i. Suppose -6*b + b = -65. Calculate the remainder when i is divided by b.
10
Let c be 118*(-6)/(-28) + 4/(-14). Suppose 4*w = 2*w - 4*f + 28, -5*f = -c. Calculate the remainder when w is divided by 1.
0
Let h be 83/17 - (-16)/136. Suppose -5*r = -3*c + 17, -2*c + h*r + 5 = 2. Calculate the remainder when 68 is divided by c.
12
Let q(l) = 2*l**2 + 7*l - 3. Suppose 968 + 61 = 49*f. Calculate the remainder when q(7) is divided by f.
18
Let i(f) = -f**3 - 4*f**2 - 13*f - 1. Calculate the remainder when i(-3) is divided by 7.
1
Let k be (-12)/(-28) + (-2144)/(-28). What is the remainder when 118 is divided by -2 + 258/21 - 22/k?
8
Let h be (38 - -5) + -1 - (-2 + 5). Suppose -99*t + h = -98*t. What is the remainder when 76 is divided by t?
37
Let a(w) = -w**2 - 9*w + 6. Let k(j) = -j**2 - 9*j + 7. Let p(x) = 5*a(x) - 4*k(x). What is the remainder when 65 is divided by p(-5)?
21
Let t = -111 + 36. Let c = t + 140. What is the remainder when c is divided by 17?
14
Suppose -h + 3 = 2*h. Let n(d) = 71*d**3 - d**2. Calculate the remainder when n(h) is divided by 27.
16
Suppose 4*b - 34 = 5*t, 6 + 4 = -5*t. Suppose 3*u - 15 = 0, 2*l - 53 = 4*u - 7*u. Suppose 17*x + b = l*x. What is the remainder when 5 is divided by x?
2
Let p(i) = -32*i - 18. Suppose -b - 9 = -3*a + 70, 0 = -4*a + 5*b + 98. Calculate the remainder when p(-3) is divided by a.
24
Let s = 6 - 7. What is the remainder when 15 is divided by (s + 0)*1*-2 + 7?
6
Let o(p) = -p**2 + 14*p - 13. What is the remainder when 133 is divided by o(9)?
5
Let n = 47 + 50. Suppose 0 = 5*r - 67 - 58. Calculate the remainder when n is divided by r.
22
Let p be 22/4 + (-1)/2. Suppose -u - p = -2*u. Let m(n) = n**2 - 65*n - 819. What is the remainder when m(76) is divided by u?
2
Let c be (((-48)/9)/4)/(6/(-9)). Suppose 0 = r + c*b - 23, 4*r - 4*b - 30 = 50. Calculate the remainder when 62 is divided by r.
20
Suppose 0 = 5*r + 5, 4*r = -2*t - 3*t + 101. What is the remainder when 796 is divided by t?
19
Let c(z) = 17*z + 4. Let l be c(2). Suppose u + 44 = 2*i - 3*i, -u + 5*i - l = 0. Let y = -4 - u. What is the remainder when y is divided by 20?
19
Let v = -107 - -121. What is the remainder when 571 is divided by v?
11
Suppose 0 = 5*j + 2*u - 64, -2*j + 19 = 5*u - 15. Let c(k) = 6*k**2 + 2*k + 3. Let m = -12 + 10. Calculate the remainder when c(m) is divided by j.
11
Let o(s) = -6*s**2 - 6*s + 11. Let t(k) = 11*k**2 + 12*k - 22. Let r(q) = 5*o(q) + 3*t(q). What is the remainder when r(-7) is divided by 24?
22
Let l(s) = s**2 + 5*s + 8. Suppose 19 = -3*o + 1. Suppose 7*d = 3*d + 32. Calculate the remainder when l(o) is divided by d.
6
Let t = -470 - -528. What is the remainder when t is divided by 3?
1
Let t be 574/(0 + -2) + -1. Let x be 2*(t/(-4))/4. Suppose -6*z + x = -5*z. Calculate the remainder when 141 is divided by z.
33
What is the remainder when 391 is divided by 53 + (-6)/6 + 5 + -1?
55
Let l be (-18)/(-30) - 44/(-10). Suppose -44 = w - l*w. What is the remainder when 42 is divided by w?
9
Calculate the remainder when (-2634)/(-30) + -4 + (-1)/(-5) is divided by 27.
3
Let f(m) = m**3 + 4*m**2 - 7*m - 4. Let k be f(-5). Suppose -k*j = -8*j + 76. What is the remainder when j is divided by 13?
12
Suppose 3*z - y - y - 33 = 0, 4*z - y - 49 = 0. Suppose d - z = 9. Calculate the remainder when (-174)/4*-2*1 is divided by d.
21
Suppose -222 = 62*f - 68*f. What is the remainder when 255 is divided by f?
33
Suppose -4*l = -5*l + 16. What is the remainder when (164*1/6)/(4/6) is divided by l?
9
Let c(y) = y**2 - 9*y + 50. Calculate the remainder when 538 is divided by c(5).
28
Let t = 2666 + -2605. What is the remainder when t is divided by 23?
15
Let z(l) = 10*l. Let c(r) = r**2 - 43*r + 291. Calculate the remainder when z(2) is divided by c(8).
9
Suppose -2*r + 0*r = 14. Let h = r - -12. Suppose 0*q - 4*f + 186 = 5*q, h*f + 81 = 2*q. Calculate the remainder when q is divided by 13.
12
Suppose 5*u - 26 = -2*g, 3*u - 26 = 3*g + g. Suppose i = -2*n + 2*i - u, -3*i = -5*n - 16. What is the remainder when (-2430)/(-70) + n/(-7) is divided by 9?
8
Suppose 6*a = 5*z + 7*a - 276, -2*a - 176 = -3*z. What is the remainder when 1229 is divided by z?
53
Suppose 5 = -5*j + 40. Let d = 0 - j. What is the remainder when (-106)/(-2) + 21/d is divided by 18?
14
Suppose 0 = -2*z + 3*i + 16 + 12, -5*z - 5*i + 45 = 0. What is the remainder when 90 is divided by z*2 + (1 - 0)?
21
Let v(h) = -h**3 + 5*h**2 + 2*h + 2. Let q = -575 - -616. Calculate the remainder when q is divided by v(5).
5
Let z = 84 - 29. Suppose z = 5*n + 4*k, 0*n - 3*n + 33 = 2*k. What is the remainder when 32 is divided by n?
10
Suppose x - 11 = 15. Calculate the remainder when 14 is divided by (8/10)/(x/195).
2
Suppose 21*s - 25*s + 457 = 3*d, 757 = 5*d + 2*s. Calculate the remainder when d is divided by 38.
37
Let r = -2 - -10. Suppose -3*n - 80 = -5*k, -3*k + 3*n - 26 + 68 = 0. What is the remainder when k is divided by r?
3
Let f(q) be the third derivative of -q**6/120 - q**5/6 + 23*q**4/24 - 5*q**3/3 - 30*q**2. What is the remainder when 8 is divided by f(-12)?
0
Let i(z) = 2*z**3 - 4*z**2 - z - 1. Let g be i(3). Suppose 3*a + 4*s = -36, -2*s + 3*s + 3 = 0. Let u = a + g. What is the remainder when 23 is divided by u?
5
Let z be (-8)/(-16) + (-7)/(-2). Let j(k) = -5*k + 0*k**3 - 3*k**2 + 5 + 4*k + k**3. What is the remainder when 66 is divided by j(z)?
15
Suppose -2*i + 2*y = -100, 2*i - 6*y = -8*y + 120. What is the remainder when 328 is divided by i?
53
Let n(j) = 18*j - 157. Calculate the remainder when n(11) is divided by (-22)/(-1) - 5/((-10)/4).
17
Let n = -281 + 191. Let x be (-6)/15*n/6. Suppose -2*q = -x*q + 132. Calculate the remainder when q is divided by 18.
15
Let w(d) = -d**3 + 14*d**2 - 6*d - 17. Let v be w(13). Let y = -59 + v. Suppose -q + 0*q = -4. Calculate the remainder when y is divided by q.
3
Calculate the remainder when 57 is divided by 10 + (13 + -16 - -10).
6
Let l = -13 + 13. Suppose 0 = o - 4*o - 5*a + 133, l = o - a - 39. Let x = 13 + -2. Calculate the remainder when o is divided by x.
8
Suppose -5*t + 156 = -t. Let y(u) = -u**3 + u**2 - 2. Let w be y(2). Let i(p) = -6*p - 26. What is the remainder when t is divided by i(w)?
9
Suppose -2*i + 7 = -9. Let n(c) = 7*c - 6. Let k be n(3). Suppose v - 6 = k. Calculate the remainder when v is divided by i.
5
Let k(l) = -l**2 + 10*l + 13. Let g(s) = s**2 + 14*s + 30. Calculate the remainder when k(10) is divided by g(-12).
1
Let r(l) = l**2 - 8. Let q(c) = c**2 - 26*c - 265. Calculate the remainder when r(6) is divided by q(-8).
0
Suppose -17*c + 247 + 501 = 0. Calculate the remainder when c is divided by 17.
10
Suppose 2*f - 336 = -5*f. What is the remainder when 335 is divided by f?
47
Let t = -15552 - -15558. Let y = -22 - -62. What is the remainder when y is divided by t?
4
Suppose 2*t - 100 = -3*t. Let o(p) be the first derivative of p**3/3 - 8*p**2 - 25*p